{"id":59,"date":"2010-06-28T09:50:00","date_gmt":"2010-06-28T09:50:00","guid":{"rendered":"http:\/\/www.pflegeheim-spechbach.de\/web"},"modified":"2019-07-04T09:09:36","modified_gmt":"2019-07-04T09:09:36","slug":"mdk-prufbericht","status":"publish","type":"page","link":"https:\/\/www.pflegeheim-spechbach.de\/web\/mdk-prufbericht","title":{"rendered":"MDK-Pr\u00fcfbericht"},"content":{"rendered":"<p>Am 23.04.2019 wurde im Haus Waldblick eine Qualit\u00e4tspr\u00fcfung (Benotung nach Schulnoten) durch den Medizinischen Dienst der Krankenversicherung durchgef\u00fchrt.<\/p>\n<p>Wir sind sehr erfreut dar\u00fcber, dass die Qualit\u00e4t unserer Arbeit im Transparenzbericht des MDK als<strong> sehr gut <\/strong>beurteilt wurde.<\/p>\n<p>Wir sehen das Ergebnis als Best\u00e4tigung der im Haus Waldblick geleisteten Arbeit.<\/p>\n<p><a href=\"http:\/\/www.pflegeheim-spechbach.de\/web\/wp-content\/uploads\/2019\/07\/mdk-2019.png\"><img loading=\"lazy\" decoding=\"async\" class=\"aligncenter size-medium wp-image-319\" src=\"http:\/\/www.pflegeheim-spechbach.de\/web\/wp-content\/uploads\/2019\/07\/mdk-2019.png\" alt=\"mdk-2019\" width=\"300\" height=\"205\" \/><\/a><\/p>\n<p><center><\/center><a href=\"http:\/\/www.pflegeheim-spechbach.de\/web\/wp-content\/uploads\/2019\/07\/mdk1.png\">\u00a0<\/a><\/p>\n","protected":false},"excerpt":{"rendered":"<p>Am 23.04.2019 wurde im Haus Waldblick eine Qualit\u00e4tspr\u00fcfung (Benotung nach Schulnoten) durch den Medizinischen Dienst der Krankenversicherung durchgef\u00fchrt. Wir sind sehr erfreut dar\u00fcber, dass die Qualit\u00e4t unserer Arbeit im Transparenzbericht des MDK als sehr gut beurteilt wurde. Wir sehen das Ergebnis als Best\u00e4tigung der im Haus Waldblick geleisteten Arbeit. \u00a0<\/p>\n","protected":false},"author":1,"featured_media":0,"parent":0,"menu_order":14,"comment_status":"open","ping_status":"open","template":"","meta":{"footnotes":""},"class_list":["post-59","page","type-page","status-publish","hentry"],"_links":{"self":[{"href":"https:\/\/www.pflegeheim-spechbach.de\/web\/wp-json\/wp\/v2\/pages\/59","targetHints":{"allow":["GET"]}}],"collection":[{"href":"https:\/\/www.pflegeheim-spechbach.de\/web\/wp-json\/wp\/v2\/pages"}],"about":[{"href":"https:\/\/www.pflegeheim-spechbach.de\/web\/wp-json\/wp\/v2\/types\/page"}],"author":[{"embeddable":true,"href":"https:\/\/www.pflegeheim-spechbach.de\/web\/wp-json\/wp\/v2\/users\/1"}],"replies":[{"embeddable":true,"href":"https:\/\/www.pflegeheim-spechbach.de\/web\/wp-json\/wp\/v2\/comments?post=59"}],"version-history":[{"count":23,"href":"https:\/\/www.pflegeheim-spechbach.de\/web\/wp-json\/wp\/v2\/pages\/59\/revisions"}],"predecessor-version":[{"id":345,"href":"https:\/\/www.pflegeheim-spechbach.de\/web\/wp-json\/wp\/v2\/pages\/59\/revisions\/345"}],"wp:attachment":[{"href":"https:\/\/www.pflegeheim-spechbach.de\/web\/wp-json\/wp\/v2\/media?parent=59"}],"curies":[{"name":"wp","href":"https:\/\/api.w.org\/{rel}","templated":true}]}}