{"id":5,"date":"2010-06-28T08:35:07","date_gmt":"2010-06-28T08:35:07","guid":{"rendered":"http:\/\/www.pflegeheim-spechbach.de\/web\/?page_id=5"},"modified":"2014-06-02T07:35:38","modified_gmt":"2014-06-02T07:35:38","slug":"unser-haus","status":"publish","type":"page","link":"https:\/\/www.pflegeheim-spechbach.de\/web\/","title":{"rendered":"Startseite"},"content":{"rendered":"<p><strong>Wir freuen uns, Sie auf der Internetseite des Hauses Waldblick in Spechbach begr\u00fc\u00dfen zu d\u00fcrfen.<\/strong><\/p>\n<p>Auf den folgenden Seiten erhalten Sie erste Einblicke und Informationen \u00fcber unser Haus. Sollten wir Ihr Interesse geweckt haben, sind Sie herzlichst eingeladen, sich unser Haus einmal pers\u00f6nlich anzusehen. <\/p>\n<p>F\u00fcr n\u00e4here Informationen nutzen Sie doch bitte unser Kontaktformular oder wenden Sie sich vertrauensvoll<br \/>\ntelefonisch an uns. Gerne vereinbaren wir auch einen Termin f\u00fcr ein pers\u00f6nliches Gespr\u00e4ch mit Ihnen.<\/p>\n<p><a href=\"http:\/\/www.pflegeheim-spechbach.de\/web\/wp-content\/bilder\/gross\/start01.jpg\"><img loading=\"lazy\" decoding=\"async\" alt=\"Alten- und Pflegeheim Haus Waldblick in Spechbach\" src=\"http:\/\/www.pflegeheim-spechbach.de\/web\/wp-content\/bilder\/klein\/start01.jpg\" title=\"Alten- und Pflegeheim Haus Waldblick in Spechbach\" width=\"300\" height=\"200\" border=\"0\" \/><\/a> <a href=\"http:\/\/www.pflegeheim-spechbach.de\/web\/wp-content\/bilder\/gross\/start02.jpg\"><img loading=\"lazy\" decoding=\"async\" alt=\"Alten- und Pflegeheim Haus Waldblick in Spechbach\" src=\"http:\/\/www.pflegeheim-spechbach.de\/web\/wp-content\/bilder\/klein\/start02.jpg\" title=\"Alten- und Pflegeheim Haus Waldblick in Spechbach\" width=\"300\" height=\"200\" border=\"0\" \/><\/a><\/p>\n","protected":false},"excerpt":{"rendered":"<p>Wir freuen uns, Sie auf der Internetseite des Hauses Waldblick in Spechbach begr\u00fc\u00dfen zu d\u00fcrfen. Auf den folgenden Seiten erhalten Sie erste Einblicke und Informationen \u00fcber unser Haus. Sollten wir Ihr Interesse geweckt haben, sind Sie herzlichst eingeladen, sich unser Haus einmal pers\u00f6nlich anzusehen. F\u00fcr n\u00e4here Informationen nutzen Sie doch bitte unser Kontaktformular oder wenden [&hellip;]<\/p>\n","protected":false},"author":1,"featured_media":0,"parent":0,"menu_order":0,"comment_status":"open","ping_status":"open","template":"","meta":{"footnotes":""},"class_list":["post-5","page","type-page","status-publish","hentry"],"_links":{"self":[{"href":"https:\/\/www.pflegeheim-spechbach.de\/web\/wp-json\/wp\/v2\/pages\/5","targetHints":{"allow":["GET"]}}],"collection":[{"href":"https:\/\/www.pflegeheim-spechbach.de\/web\/wp-json\/wp\/v2\/pages"}],"about":[{"href":"https:\/\/www.pflegeheim-spechbach.de\/web\/wp-json\/wp\/v2\/types\/page"}],"author":[{"embeddable":true,"href":"https:\/\/www.pflegeheim-spechbach.de\/web\/wp-json\/wp\/v2\/users\/1"}],"replies":[{"embeddable":true,"href":"https:\/\/www.pflegeheim-spechbach.de\/web\/wp-json\/wp\/v2\/comments?post=5"}],"version-history":[{"count":37,"href":"https:\/\/www.pflegeheim-spechbach.de\/web\/wp-json\/wp\/v2\/pages\/5\/revisions"}],"predecessor-version":[{"id":273,"href":"https:\/\/www.pflegeheim-spechbach.de\/web\/wp-json\/wp\/v2\/pages\/5\/revisions\/273"}],"wp:attachment":[{"href":"https:\/\/www.pflegeheim-spechbach.de\/web\/wp-json\/wp\/v2\/media?parent=5"}],"curies":[{"name":"wp","href":"https:\/\/api.w.org\/{rel}","templated":true}]}}